 - i = x. What is the remainder when u is divided by 27?
26
Suppose 0 = -554*o + 558*o - j - 5805, j = 2*o - 2905. What is the remainder when o is divided by 479?
13
Suppose g + 0*g = -5*z + 46, -z + 10 = g. Suppose -275 = -4*u + 5*p, 2*p - 4 - 6 = 0. Let k = u - 58. Calculate the remainder when k is divided by z.
8
Suppose 0 = -4*b, 6*m - 3*m + 20*b - 21*b - 1674 = 0. Calculate the remainder when m is divided by 95.
83
Suppose 5*r = -5*f + 10, -2 = -r + f + f. Suppose 3*y - 20 = r*j, -j + 0 = 4. Suppose -11*x + y*x = -14. What is the remainder when x is divided by 1?
0
Suppose 3*h + 3*h - 228 = 0. Suppose -2 + h = -u. Let r = -27 - u. What is the remainder when 52 is divided by r?
7
Calculate the remainder when 606 is divided by ((174/(-15))/(-1))/((-4)/(-60)*2).
84
Let g = 23 + 7. Let m = 11 + g. Suppose 307*h - 300*h - 112 = 0. What is the remainder when m is divided by h?
9
Calculate the remainder when 2535 is divided by 0/(-2 - (-5 + 8)/(-1)) - -54.
51
Suppose 4*d = -4*b + 516, 0 = -3*b - 4*d + 579 - 189. Calculate the remainder when 234 is divided by b.
108
Suppose -112*x + 659 = -2701. Calculate the remainder when 84 is divided by x.
24
Let l be (-86)/129*150/4. What is the remainder when 135 is divided by -84*(l/(-15) + -2 + 0)?
23
Suppose -4415 = -32*p + 3610 - 1945. Calculate the remainder when p is divided by 109.
81
Let a(q) = q**2 + 14*q + 21. Let b be a(-13). Let o(j) = 2*j - 16. Let v be o(b). Suppose -6*y + 8*y - 68 = v. What is the remainder when y is divided by 9?
7
Let k(z) = -2*z**2 + 10*z - 18. Let g be k(9). Let s be g/40*8/3. What is the remainder when 93 is divided by 1 + (-46)/s*3?
21
Let l(j) = 4*j**3 - 3*j**2 - 24*j + 19. Let g be l(-6). Let i = 830 + g. Calculate the remainder when 40 is divided by i.
19
Suppose 410 - 1056 = 38*q. Calculate the remainder when q*(-4 + 3)*(-3)/(-1) is divided by 31.
20
Suppose -35*d + 7540 = 342*d. What is the remainder when 813 is divided by d?
13
Let w(t) = 6*t**2 - 2*t**2 + 6 + 10*t - 3*t. Let m = 689 + -650. What is the remainder when w(-7) is divided by m?
36
Suppose 971 = 10*y - 739. Calculate the remainder when y is divided by 54.
9
Suppose 9278 - 37592 = -1072*q + 40294. Suppose 0 = w + 12 - 45. What is the remainder when q is divided by w?
31
Let c = 690 + -624. Suppose 3*p + 109 = 5*o + 33, 0 = 5*o + 2*p - c. What is the remainder when 68 is divided by o?
12
Let t(c) = 4*c**2 - 100*c - 1015. What is the remainder when 54 is divided by t(33)?
13
Let z(b) = 9*b + 22. Let k be z(9). Suppose 4*u = 4*c + k + 21, c + 1 = 0. Let f = 36 - u. What is the remainder when 14 is divided by f?
2
What is the remainder when 4122 is divided by -2 + 7 + ((159 - 1) + -6 - -2)?
147
Suppose -21 = -3*z + 5*x + 252, -2*z + 184 = -4*x. What is the remainder when z is divided by 16?
6
Let i(h) = 2*h**2 + 111*h - 360. What is the remainder when 203 is divided by i(-59)?
44
Let n = 322 - 229. Suppose -7*i = -33 - n. Let a = 90 - 37. What is the remainder when a is divided by i?
17
Suppose -2*w + 115 = 29. Let g(t) = -3*t**2 - t + 125. What is the remainder when g(0) is divided by w?
39
Let d be (-1)/(18/(-8) - -2). Suppose 538 = 3*i + 2*w + 170, 0 = 2*i + d*w - 232. Let m(y) = 4*y**2 - y - 1. What is the remainder when i is divided by m(3)?
30
Let z(x) = -86*x - 4623. Calculate the remainder when z(-56) is divided by 86.
21
Suppose -8*d - 478 = 122. Suppose 0*j = 4*j - 12. Calculate the remainder when d/65 - -1 - (-1180)/65 is divided by j.
0
Suppose 0 = g + 120*s - 121*s - 241, 0 = 2*g + 4*s - 524. What is the remainder when g is divided by 15?
8
Let b(h) = -9*h - 72. Let m be b(-7). Calculate the remainder when (-76)/342 - 1802/m is divided by 29.
26
Let p(u) = 3*u**2 - 43*u + 1. Suppose -17*r + 105 = -10*r. Suppose -8*y + 25 = -3*y, 2*y - 44 = -2*l. Calculate the remainder when p(r) is divided by l.
14
Calculate the remainder when 1306 is divided by (-993114)/(-3816) - (1/(-2))/(4/(-10)).
11
Let r = 528 - 825. Let q = r - -404. What is the remainder when q is divided by 5?
2
Let w = 289 + -221. Calculate the remainder when 24 is divided by (w/6)/(88/132).
7
Let q(y) = y**3 + 4*y**2 - 4*y + 11. Let i be q(-5). Suppose 2*f - 102 = -4*u, i*f + 47 = 2*u + 3*f. Calculate the remainder when u is divided by 16.
9
Suppose 3*o - 3*l - 2352 = 0, 8*l - 625 = -5*o + 3347. What is the remainder when o is divided by 36?
32
Suppose 8*u + 498 + 662 = 0. Let m = -128 - u. Suppose 3*x + 0*x - 141 = 0. What is the remainder when x is divided by m?
13
Suppose 17*f + 970 - 1724 = 1099. Calculate the remainder when f is divided by 58.
51
Suppose 4*r = 3*i - 25, 3*r + r = -16. Suppose 0 = -d + i*d - 18. Let y(v) = -v**2 + 34*v + 1169. What is the remainder when y(-21) is divided by d?
5
Let c(k) = -17*k + 19. Let h(j) = -15*j + 16. Let d(g) = -4*c(g) + 6*h(g). What is the remainder when d(-2) is divided by 13?
12
Suppose -3*c = -2*d - d - 21, 2*d = -2*c + 22. Suppose -c*r + 178 = -47. Calculate the remainder when r is divided by 13.
12
Suppose -5*n = 3*y - 254, 2*n + 4*y = y + 98. Let a = 54 - n. Suppose 5*s + 0*i - 86 = 2*i, a*s - 34 = i. Calculate the remainder when 69 is divided by s.
15
Suppose -146 = 3*n - 0*z - 2*z, 2*n + 99 = 3*z. Let o(k) = 4*k + 9. Calculate the remainder when o(7) is divided by ((-15)/12)/(6/n).
7
Let i(v) = -2*v**2 + 17*v + 18. Let l(q) = 3*q**2 - 16*q - 16. Let p(z) = -6*i(z) - 5*l(z). Calculate the remainder when 90 is divided by p(-5).
6
Suppose -q - 2*l = -4, 5*q - 3*l = -2 - 4. Calculate the remainder when 20 is divided by ((-63)/(-4) - q) + 11/44.
4
What is the remainder when -3*2/4*(-1384)/12 is divided by ((-99)/6)/((-21)/28)?
19
Suppose -t + 7 + 1 = 0. Suppose -3*a + 1 = -t. Suppose -6 = a*z - 159. Calculate the remainder when 152 is divided by z.
50
Let p = -16747 + 17273. Calculate the remainder when p is divided by 511.
15
Suppose -4*h + 4*r + 1055 = 331, -4*r = -5*h + 900. Suppose h - 701 = -5*p. Calculate the remainder when 123 is divided by (14/35)/(1/p - 0).
39
Let q = 3624 - 3547. Calculate the remainder when 695 is divided by q.
2
Calculate the remainder when 316 is divided by ((-2080)/(-18) - (-2)/(-9)) + (-94)/282.
86
Let p(l) = l**2 + 6*l - 261. What is the remainder when 813 is divided by p(-22)?
85
Suppose 72*x - 74*x - 8 = 0, x - 3977 = -3*d. Calculate the remainder when d is divided by 150.
127
Let f be (-1)/(4/((-3432)/6)). Suppose -5*p + f = 18. Calculate the remainder when 199 is divided by p.
24
Let y(r) = 17*r + 2691. What is the remainder when y(-77) is divided by 104?
30
Let t = -2723 - -2824. What is the remainder when t is divided by 20?
1
Suppose 3*n + 5*w - 6 - 19 = 0, 2*n - 20 = -4*w. Let s(q) = -2*q + 117. Let x be s(n). Suppose -7*j + x = -2. Calculate the remainder when 33 is divided by j.
16
Suppose 3*p = p - 3*k + 15, p + 10 = -5*k. Suppose 148 + 152 = p*q. Calculate the remainder when 123 is divided by q.
3
Let g(w) be the third derivative of 59*w**6/60 - w**5/20 - w**4/24 + w**3/2 - 5*w**2 - 14*w. What is the remainder when g(1) is divided by 14?
5
Let o = -5375 - -5500. What is the remainder when o is divided by 63 - (0 - (1 - -2))?
59
Suppose 88 = 5*i + 13. Let j(y) = 0 - 3 + 13 - 4*y + 0*y. What is the remainder when j(-8) is divided by i?
12
Suppose 2*l + 2 = 0, 5*n - 2*l = -0*n + 672. Suppose 143*k - 1992 = 2870. What is the remainder when n is divided by k?
32
Let b(u) = 2*u**2 + 23*u - 420. Calculate the remainder when 235 is divided by b(-22).
25
Suppose 694*s - 741*s = -6627. Calculate the remainder when 2816 is divided by s.
137
Let s = 157 - 20. Suppose u = -2*u - 4*o + s, -44 = -u - o. Let c(k) = -116*k**3 - k**2 + 1. What is the remainder when c(-1) is divided by u?
38
Let v(a) = 87*a**2 - 257*a + 2. Calculate the remainder when v(5) is divided by 428.
36
Let a = -2 + 5. Suppose -26*l + 376 = -950. Suppose -39 = a*t - l. What is the remainder when 15 is divided by t?
3
Calculate the remainder when 1565 is divided by (-108)/(-32) + ((-6)/39 - 598/2704).
2
Suppose 0 = -49*p + 54*p - 245. Let d(v) = 143*v**2 - 2*v - 1. Let o be (5*2/10)/(-1). What is the remainder when d(o) is divided by p?
46
Suppose 2*p = 3*q - 747 + 678, 5*q + 3*p - 153 = 0. Calculate the remainder when 328 is divided by q.
4
Suppose 0 = 61*g - 131*g + 69*g + 100. W